{"id":116,"date":"2024-11-11T14:27:20","date_gmt":"2024-11-11T14:27:20","guid":{"rendered":"https:\/\/meinstadtpunkt.de\/?page_id=116"},"modified":"2024-11-21T14:11:58","modified_gmt":"2024-11-21T14:11:58","slug":"03-das-spiel","status":"publish","type":"page","link":"https:\/\/meinstadtpunkt.de\/?page_id=116","title":{"rendered":"Das Spiel"},"content":{"rendered":"\t\t<div data-elementor-type=\"wp-page\" data-elementor-id=\"116\" class=\"elementor elementor-116\" data-elementor-post-type=\"page\">\n\t\t\t\t<div class=\"elementor-element elementor-element-7e315f7 e-flex e-con-boxed e-con e-parent\" data-id=\"7e315f7\" data-element_type=\"container\" data-e-type=\"container\">\n\t\t\t\t\t<div class=\"e-con-inner\">\n\t\t\t\t<div class=\"elementor-element elementor-element-dca1050 elementor-widget elementor-widget-heading\" data-id=\"dca1050\" data-element_type=\"widget\" data-e-type=\"widget\" data-widget_type=\"heading.default\">\n\t\t\t\t<div class=\"elementor-widget-container\">\n\t\t\t\t\t<h2 class=\"elementor-heading-title elementor-size-default\">\u00dcber das Mein StadtPunkt-Spiel<\/h2>\t\t\t\t<\/div>\n\t\t\t\t<\/div>\n\t\t\t\t\t<\/div>\n\t\t\t\t<\/div>\n\t\t<div class=\"elementor-element elementor-element-d7df7ae e-flex e-con-boxed e-con e-parent\" data-id=\"d7df7ae\" data-element_type=\"container\" data-e-type=\"container\">\n\t\t\t\t\t<div class=\"e-con-inner\">\n\t\t<div class=\"elementor-element elementor-element-70edbcd e-con-full e-flex e-con e-child\" data-id=\"70edbcd\" data-element_type=\"container\" data-e-type=\"container\">\n\t\t<div class=\"elementor-element elementor-element-b48f97d e-con-full e-flex e-con e-child\" data-id=\"b48f97d\" data-element_type=\"container\" data-e-type=\"container\">\n\t\t\t\t<div class=\"elementor-element elementor-element-23e9c9c elementor-widget elementor-widget-text-editor\" data-id=\"23e9c9c\" data-element_type=\"widget\" data-e-type=\"widget\" data-widget_type=\"text-editor.default\">\n\t\t\t\t<div class=\"elementor-widget-container\">\n\t\t\t\t\t\t\t\t\t<p class=\"p1\"><b>\u00dcber das Mein StadtPunkt-Spiel<\/b><br \/>Das Mein StadtPunkt-Spiel ist ein Quiz- und Wissensspiel f\u00fcr die ganze Familie, bei dem es darum geht, durch Wissen und Geschick so viele Punkte wie m\u00f6glich zu sammeln.<\/p><p class=\"p1\">Die Person, die am Ende die meisten Punkte gesammelt hat, gewinnt das Spiel. Das Spiel besteht aus ca. 1.000 spannenden, herausfordernden und unterhaltsamen Fragen &#8211; darunter Fragen zur Stadt oder Region, gew\u00fcrzt mit einem lustigen und herausfordernden Action-Teil auf \u00fcber 200 Karten.<\/p><p class=\"p1\">Jede Karte enth\u00e4lt 6 Fragen und 1 Kinderfrage \u2013 es gibt zu jeder Frage drei m\u00f6gliche Antworten, von denen eine richtig ist. Die Fragen rund um die Stadt oder Region machen das Spiel nicht nur unterhaltsam und spannend, sondern die Spieler k\u00f6nnen auch eine Menge dazulernen.<\/p><p class=\"p1\">Neben den Quizfragen enth\u00e4lt das Spiel viele lustige und herausfordernde Aktionen, sodass es niemals langweilig wird.<\/p><p class=\"p1\">Jeder Spieler hat 2 Spielfiguren. Eine wird verwendet, um sich auf dem Spielfeld zu bewegen, Fragen zu beantworten und spannende Herausforderungen zu meistern. Die andere Figur bewegt sich bei jedem Punktgewinn in Richtung StadtPunkt.<\/p><p class=\"p1\">Das Ziel ist es, den StadtPunkt so oft wie m\u00f6glich zu erreichen, um die entscheidenden StadtPunkt-Karten zu sammeln. Das Spiel l\u00e4sst sich als eine Mischung aus Monopoly, Ludo und Trivial Pursuit beschreiben, kombiniert mit unseren eigenen Elementen und Ideen.<\/p><p class=\"p1\">Das gesamte Spiel ist von hoher Qualit\u00e4t und wird in D\u00e4nemark produziert.<\/p><p class=\"p1\">Bei Markteinf\u00fchrung wird das Spiel zum Preis von 34,90\u20ac an die Endverbraucher \u00fcber lokale Gesch\u00e4fte verkauft.<\/p><p class=\"p1\"><span style=\"color: var( --e-global-color-text ); font-family: var( --e-global-typography-text-font-family ), Sans-serif; font-weight: var( --e-global-typography-text-font-weight ); text-align: var(--text-align); font-size: 1rem;\">Selbstverst\u00e4ndlich wird das Spiel in den lokalen und sozialen Medien beworben.<\/span><\/p>\t\t\t\t\t\t\t\t<\/div>\n\t\t\t\t<\/div>\n\t\t\t\t<\/div>\n\t\t<div class=\"elementor-element elementor-element-7f75514 e-con-full e-flex e-con e-child\" data-id=\"7f75514\" data-element_type=\"container\" data-e-type=\"container\">\n\t\t\t\t<div class=\"elementor-element elementor-element-d063e5f elementor-widget elementor-widget-image\" data-id=\"d063e5f\" data-element_type=\"widget\" data-e-type=\"widget\" data-widget_type=\"image.default\">\n\t\t\t\t<div class=\"elementor-widget-container\">\n\t\t\t\t\t\t\t\t\t\t\t\t\t\t\t<img fetchpriority=\"high\" decoding=\"async\" width=\"300\" height=\"198\" src=\"https:\/\/meinstadtpunkt.de\/wp-content\/uploads\/2024\/11\/Spiel-300x198.png\" class=\"attachment-medium size-medium wp-image-346\" alt=\"\" srcset=\"https:\/\/meinstadtpunkt.de\/wp-content\/uploads\/2024\/11\/Spiel-300x198.png 300w, https:\/\/meinstadtpunkt.de\/wp-content\/uploads\/2024\/11\/Spiel-1024x675.png 1024w, https:\/\/meinstadtpunkt.de\/wp-content\/uploads\/2024\/11\/Spiel-768x506.png 768w, https:\/\/meinstadtpunkt.de\/wp-content\/uploads\/2024\/11\/Spiel.png 1280w\" sizes=\"(max-width: 300px) 100vw, 300px\" \/>\t\t\t\t\t\t\t\t\t\t\t\t\t\t\t<\/div>\n\t\t\t\t<\/div>\n\t\t\t\t<\/div>\n\t\t<div class=\"elementor-element elementor-element-329b490 e-con-full e-flex e-con e-child\" data-id=\"329b490\" data-element_type=\"container\" data-e-type=\"container\">\n\t\t\t\t<div class=\"elementor-element elementor-element-7250123 elementor-widget elementor-widget-text-editor\" data-id=\"7250123\" data-element_type=\"widget\" data-e-type=\"widget\" data-widget_type=\"text-editor.default\">\n\t\t\t\t<div class=\"elementor-widget-container\">\n\t\t\t\t\t\t\t\t\t<p class=\"p1\"><b>MEIN STADTPUNKT INHALT<\/b><\/p><p class=\"p1\">Spieler: 2 bis 6 Spieler (Teams m\u00f6glich)<\/p><p class=\"p1\">Alter: ab 9 Jahren<\/p><p class=\"p1\">Spielzeit: ca. 60 Minuten<\/p><p class=\"p1\">Schachtelma\u00dfe: 39 x 27 x 5 cm<\/p><p class=\"p1\">Spielbrettma\u00dfe: 71 x 47 cm<\/p><p class=\"p1\">Kartengr\u00f6\u00dfe und -anzahl: 8,5 x 5,5 cm \u2013 250 Spielkarten + 2 Deckkarten<\/p><p class=\"p1\">Anzahl der Spielfiguren: 6 x 2<\/p><p class=\"p1\">Anzahl der W\u00fcrfel: 1<\/p><p class=\"p1\">1 Heft inkl. Spielregeln im A4-Format<\/p><p class=\"p1\">\u00a0<\/p>\t\t\t\t\t\t\t\t<\/div>\n\t\t\t\t<\/div>\n\t\t\t\t<\/div>\n\t\t\t\t<div class=\"elementor-element elementor-element-468b823 elementor-widget elementor-widget-button\" data-id=\"468b823\" data-element_type=\"widget\" data-e-type=\"widget\" data-widget_type=\"button.default\">\n\t\t\t\t<div class=\"elementor-widget-container\">\n\t\t\t\t\t\t\t\t\t<div class=\"elementor-button-wrapper\">\n\t\t\t\t\t<a class=\"elementor-button elementor-button-link elementor-size-sm\" href=\"https:\/\/meinstadtpunkt.de\/?page_id=118\u2197\" id=\"6\">\n\t\t\t\t\t\t<span class=\"elementor-button-content-wrapper\">\n\t\t\t\t\t\t\t\t\t<span class=\"elementor-button-text\">Zum Konzept<\/span>\n\t\t\t\t\t<\/span>\n\t\t\t\t\t<\/a>\n\t\t\t\t<\/div>\n\t\t\t\t\t\t\t\t<\/div>\n\t\t\t\t<\/div>\n\t\t\t\t<\/div>\n\t\t<div class=\"elementor-element elementor-element-07009d4 e-con-full e-flex e-con e-child\" data-id=\"07009d4\" data-element_type=\"container\" data-e-type=\"container\">\n\t\t<div class=\"elementor-element elementor-element-cd1a5c1 e-con-full e-flex e-con e-child\" data-id=\"cd1a5c1\" data-element_type=\"container\" data-e-type=\"container\">\n\t\t\t\t<div class=\"elementor-element elementor-element-909943c elementor-widget elementor-widget-text-editor\" data-id=\"909943c\" data-element_type=\"widget\" data-e-type=\"widget\" data-widget_type=\"text-editor.default\">\n\t\t\t\t<div class=\"elementor-widget-container\">\n\t\t\t\t\t\t\t\t\t<p>120 allgemeine Quizkarten (+1 Deckkarte) mit je 6 allgemeinen Fragen und 3 Antwortm\u00f6glichkeiten, von denen 1 korrekt ist, sowie 1 Kinderfrage mit 2 Antwortm\u00f6glichkeiten. Korrekte Antworten bringen 1 Punkt.<\/p>\t\t\t\t\t\t\t\t<\/div>\n\t\t\t\t<\/div>\n\t\t\t\t<\/div>\n\t\t<div class=\"elementor-element elementor-element-1699e8d e-grid e-con-full e-con e-child\" data-id=\"1699e8d\" data-element_type=\"container\" data-e-type=\"container\">\n\t\t\t\t<div class=\"elementor-element elementor-element-00b467b elementor-widget elementor-widget-image\" data-id=\"00b467b\" data-element_type=\"widget\" data-e-type=\"widget\" data-widget_type=\"image.default\">\n\t\t\t\t<div class=\"elementor-widget-container\">\n\t\t\t\t\t\t\t\t\t\t\t\t\t\t\t<img decoding=\"async\" width=\"768\" height=\"479\" src=\"https:\/\/meinstadtpunkt.de\/wp-content\/uploads\/2024\/11\/MStP_Karten_88x55_Muster-Allgemeine-Quizfragen-1-2-768x479.png\" class=\"attachment-medium_large size-medium_large wp-image-382\" alt=\"\" srcset=\"https:\/\/meinstadtpunkt.de\/wp-content\/uploads\/2024\/11\/MStP_Karten_88x55_Muster-Allgemeine-Quizfragen-1-2-768x479.png 768w, https:\/\/meinstadtpunkt.de\/wp-content\/uploads\/2024\/11\/MStP_Karten_88x55_Muster-Allgemeine-Quizfragen-1-2-300x187.png 300w, https:\/\/meinstadtpunkt.de\/wp-content\/uploads\/2024\/11\/MStP_Karten_88x55_Muster-Allgemeine-Quizfragen-1-2-1024x639.png 1024w, https:\/\/meinstadtpunkt.de\/wp-content\/uploads\/2024\/11\/MStP_Karten_88x55_Muster-Allgemeine-Quizfragen-1-2-1536x958.png 1536w, https:\/\/meinstadtpunkt.de\/wp-content\/uploads\/2024\/11\/MStP_Karten_88x55_Muster-Allgemeine-Quizfragen-1-2.png 1621w\" sizes=\"(max-width: 768px) 100vw, 768px\" \/>\t\t\t\t\t\t\t\t\t\t\t\t\t\t\t<\/div>\n\t\t\t\t<\/div>\n\t\t\t\t<div class=\"elementor-element elementor-element-73eaf3b elementor-widget elementor-widget-image\" data-id=\"73eaf3b\" data-element_type=\"widget\" data-e-type=\"widget\" data-widget_type=\"image.default\">\n\t\t\t\t<div class=\"elementor-widget-container\">\n\t\t\t\t\t\t\t\t\t\t\t\t\t\t\t<img decoding=\"async\" width=\"693\" height=\"434\" src=\"https:\/\/meinstadtpunkt.de\/wp-content\/uploads\/2024\/11\/MStP_Karten_88x55_Muster-Allgemeine-Quizfragen-3.png\" class=\"attachment-large size-large wp-image-168\" alt=\"\" srcset=\"https:\/\/meinstadtpunkt.de\/wp-content\/uploads\/2024\/11\/MStP_Karten_88x55_Muster-Allgemeine-Quizfragen-3.png 693w, https:\/\/meinstadtpunkt.de\/wp-content\/uploads\/2024\/11\/MStP_Karten_88x55_Muster-Allgemeine-Quizfragen-3-300x188.png 300w\" sizes=\"(max-width: 693px) 100vw, 693px\" \/>\t\t\t\t\t\t\t\t\t\t\t\t\t\t\t<\/div>\n\t\t\t\t<\/div>\n\t\t\t\t<div class=\"elementor-element elementor-element-968412b elementor-widget elementor-widget-image\" data-id=\"968412b\" data-element_type=\"widget\" data-e-type=\"widget\" data-widget_type=\"image.default\">\n\t\t\t\t<div class=\"elementor-widget-container\">\n\t\t\t\t\t\t\t\t\t\t\t\t\t\t\t<img loading=\"lazy\" decoding=\"async\" width=\"693\" height=\"434\" src=\"https:\/\/meinstadtpunkt.de\/wp-content\/uploads\/2024\/11\/MStP_Karten_88x55_Muster-Allgemeine-Quizfragen-4.png\" class=\"attachment-large size-large wp-image-169\" alt=\"\" srcset=\"https:\/\/meinstadtpunkt.de\/wp-content\/uploads\/2024\/11\/MStP_Karten_88x55_Muster-Allgemeine-Quizfragen-4.png 693w, https:\/\/meinstadtpunkt.de\/wp-content\/uploads\/2024\/11\/MStP_Karten_88x55_Muster-Allgemeine-Quizfragen-4-300x188.png 300w\" sizes=\"(max-width: 693px) 100vw, 693px\" \/>\t\t\t\t\t\t\t\t\t\t\t\t\t\t\t<\/div>\n\t\t\t\t<\/div>\n\t\t\t\t<div class=\"elementor-element elementor-element-8b42ad8 elementor-widget elementor-widget-image\" data-id=\"8b42ad8\" data-element_type=\"widget\" data-e-type=\"widget\" data-widget_type=\"image.default\">\n\t\t\t\t<div class=\"elementor-widget-container\">\n\t\t\t\t\t\t\t\t\t\t\t\t\t\t\t<img loading=\"lazy\" decoding=\"async\" width=\"693\" height=\"434\" src=\"https:\/\/meinstadtpunkt.de\/wp-content\/uploads\/2024\/11\/MStP_Karten_88x55_Muster-Allgemeine-Quizfragen-2.png\" class=\"attachment-large size-large wp-image-167\" alt=\"\" srcset=\"https:\/\/meinstadtpunkt.de\/wp-content\/uploads\/2024\/11\/MStP_Karten_88x55_Muster-Allgemeine-Quizfragen-2.png 693w, https:\/\/meinstadtpunkt.de\/wp-content\/uploads\/2024\/11\/MStP_Karten_88x55_Muster-Allgemeine-Quizfragen-2-300x188.png 300w\" sizes=\"(max-width: 693px) 100vw, 693px\" \/>\t\t\t\t\t\t\t\t\t\t\t\t\t\t\t<\/div>\n\t\t\t\t<\/div>\n\t\t\t\t<\/div>\n\t\t<div class=\"elementor-element elementor-element-065bcd2 e-con-full e-flex e-con e-child\" data-id=\"065bcd2\" data-element_type=\"container\" data-e-type=\"container\">\n\t\t\t\t<div class=\"elementor-element elementor-element-539918a elementor-widget elementor-widget-text-editor\" data-id=\"539918a\" data-element_type=\"widget\" data-e-type=\"widget\" data-widget_type=\"text-editor.default\">\n\t\t\t\t<div class=\"elementor-widget-container\">\n\t\t\t\t\t\t\t\t\t<p>50 Spezial-Quizkarten (+1 Deckkarte) mit je 6 lokalen und Unternehmensfragen mit 3 Antwortm\u00f6glichkeiten, von denen 1 korrekt ist, sowie 1 Kinderfrage mit 2 Antwortm\u00f6glichkeiten. Korrekte Antworten bringen 2 bis 3 Punkte.<\/p>\t\t\t\t\t\t\t\t<\/div>\n\t\t\t\t<\/div>\n\t\t\t\t<\/div>\n\t\t<div class=\"elementor-element elementor-element-58e7bdb e-grid e-con-full e-con e-child\" data-id=\"58e7bdb\" data-element_type=\"container\" data-e-type=\"container\">\n\t\t\t\t<div class=\"elementor-element elementor-element-9e09b8d elementor-widget elementor-widget-image\" data-id=\"9e09b8d\" data-element_type=\"widget\" data-e-type=\"widget\" data-widget_type=\"image.default\">\n\t\t\t\t<div class=\"elementor-widget-container\">\n\t\t\t\t\t\t\t\t\t\t\t\t\t\t\t<img loading=\"lazy\" decoding=\"async\" width=\"693\" height=\"434\" src=\"https:\/\/meinstadtpunkt.de\/wp-content\/uploads\/2024\/11\/MStP_Karten_88x55_Muster-Spezial-Quizfragen-1.png\" class=\"attachment-large size-large wp-image-170\" alt=\"\" srcset=\"https:\/\/meinstadtpunkt.de\/wp-content\/uploads\/2024\/11\/MStP_Karten_88x55_Muster-Spezial-Quizfragen-1.png 693w, https:\/\/meinstadtpunkt.de\/wp-content\/uploads\/2024\/11\/MStP_Karten_88x55_Muster-Spezial-Quizfragen-1-300x188.png 300w\" sizes=\"(max-width: 693px) 100vw, 693px\" \/>\t\t\t\t\t\t\t\t\t\t\t\t\t\t\t<\/div>\n\t\t\t\t<\/div>\n\t\t\t\t<div class=\"elementor-element elementor-element-db11ef8 elementor-widget elementor-widget-image\" data-id=\"db11ef8\" data-element_type=\"widget\" data-e-type=\"widget\" data-widget_type=\"image.default\">\n\t\t\t\t<div class=\"elementor-widget-container\">\n\t\t\t\t\t\t\t\t\t\t\t\t\t\t\t<img loading=\"lazy\" decoding=\"async\" width=\"693\" height=\"434\" src=\"https:\/\/meinstadtpunkt.de\/wp-content\/uploads\/2024\/11\/MStP_Karten_88x55_Muster-Spezial-Quizfragen-3.png\" class=\"attachment-large size-large wp-image-172\" alt=\"\" srcset=\"https:\/\/meinstadtpunkt.de\/wp-content\/uploads\/2024\/11\/MStP_Karten_88x55_Muster-Spezial-Quizfragen-3.png 693w, https:\/\/meinstadtpunkt.de\/wp-content\/uploads\/2024\/11\/MStP_Karten_88x55_Muster-Spezial-Quizfragen-3-300x188.png 300w\" sizes=\"(max-width: 693px) 100vw, 693px\" \/>\t\t\t\t\t\t\t\t\t\t\t\t\t\t\t<\/div>\n\t\t\t\t<\/div>\n\t\t\t\t<div class=\"elementor-element elementor-element-afcb355 elementor-widget elementor-widget-image\" data-id=\"afcb355\" data-element_type=\"widget\" data-e-type=\"widget\" data-widget_type=\"image.default\">\n\t\t\t\t<div class=\"elementor-widget-container\">\n\t\t\t\t\t\t\t\t\t\t\t\t\t\t\t<img loading=\"lazy\" decoding=\"async\" width=\"693\" height=\"434\" src=\"https:\/\/meinstadtpunkt.de\/wp-content\/uploads\/2024\/11\/MStP_Karten_88x55_Muster-Spezial-Quizfragen-4.png\" class=\"attachment-large size-large wp-image-173\" alt=\"\" srcset=\"https:\/\/meinstadtpunkt.de\/wp-content\/uploads\/2024\/11\/MStP_Karten_88x55_Muster-Spezial-Quizfragen-4.png 693w, https:\/\/meinstadtpunkt.de\/wp-content\/uploads\/2024\/11\/MStP_Karten_88x55_Muster-Spezial-Quizfragen-4-300x188.png 300w\" sizes=\"(max-width: 693px) 100vw, 693px\" \/>\t\t\t\t\t\t\t\t\t\t\t\t\t\t\t<\/div>\n\t\t\t\t<\/div>\n\t\t\t\t<div class=\"elementor-element elementor-element-6f7c540 elementor-widget elementor-widget-image\" data-id=\"6f7c540\" data-element_type=\"widget\" data-e-type=\"widget\" data-widget_type=\"image.default\">\n\t\t\t\t<div class=\"elementor-widget-container\">\n\t\t\t\t\t\t\t\t\t\t\t\t\t\t\t<img loading=\"lazy\" decoding=\"async\" width=\"693\" height=\"434\" src=\"https:\/\/meinstadtpunkt.de\/wp-content\/uploads\/2024\/11\/MStP_Karten_88x55_Muster-Spezial-Quizfragen-2.png\" class=\"attachment-large size-large wp-image-171\" alt=\"\" srcset=\"https:\/\/meinstadtpunkt.de\/wp-content\/uploads\/2024\/11\/MStP_Karten_88x55_Muster-Spezial-Quizfragen-2.png 693w, https:\/\/meinstadtpunkt.de\/wp-content\/uploads\/2024\/11\/MStP_Karten_88x55_Muster-Spezial-Quizfragen-2-300x188.png 300w\" sizes=\"(max-width: 693px) 100vw, 693px\" \/>\t\t\t\t\t\t\t\t\t\t\t\t\t\t\t<\/div>\n\t\t\t\t<\/div>\n\t\t\t\t<\/div>\n\t\t<div class=\"elementor-element elementor-element-f54c225 e-con-full e-flex e-con e-child\" data-id=\"f54c225\" data-element_type=\"container\" data-e-type=\"container\">\n\t\t\t\t<div class=\"elementor-element elementor-element-0d50fa3 elementor-widget elementor-widget-text-editor\" data-id=\"0d50fa3\" data-element_type=\"widget\" data-e-type=\"widget\" data-widget_type=\"text-editor.default\">\n\t\t\t\t<div class=\"elementor-widget-container\">\n\t\t\t\t\t\t\t\t\t<p>30 Aktionskarten mit je 6 spannenden und lustigen Aufgaben sowie 1 Kinderaufgabe. F\u00fcr das L\u00f6sen der Aufgaben werden unterschiedliche Punkte vergeben.<\/p>\t\t\t\t\t\t\t\t<\/div>\n\t\t\t\t<\/div>\n\t\t\t\t<\/div>\n\t\t<div class=\"elementor-element elementor-element-1409756 e-grid e-con-full e-con e-child\" data-id=\"1409756\" data-element_type=\"container\" data-e-type=\"container\">\n\t\t\t\t<div class=\"elementor-element elementor-element-60afa00 elementor-widget elementor-widget-image\" data-id=\"60afa00\" data-element_type=\"widget\" data-e-type=\"widget\" data-widget_type=\"image.default\">\n\t\t\t\t<div class=\"elementor-widget-container\">\n\t\t\t\t\t\t\t\t\t\t\t\t\t\t\t<img loading=\"lazy\" decoding=\"async\" width=\"693\" height=\"434\" src=\"https:\/\/meinstadtpunkt.de\/wp-content\/uploads\/2024\/11\/MStP_Karten_88x55_Muster-Aktionskarte-1.png\" class=\"attachment-large size-large wp-image-164\" alt=\"\" srcset=\"https:\/\/meinstadtpunkt.de\/wp-content\/uploads\/2024\/11\/MStP_Karten_88x55_Muster-Aktionskarte-1.png 693w, https:\/\/meinstadtpunkt.de\/wp-content\/uploads\/2024\/11\/MStP_Karten_88x55_Muster-Aktionskarte-1-300x188.png 300w\" sizes=\"(max-width: 693px) 100vw, 693px\" \/>\t\t\t\t\t\t\t\t\t\t\t\t\t\t\t<\/div>\n\t\t\t\t<\/div>\n\t\t\t\t<div class=\"elementor-element elementor-element-ff6ad1b elementor-widget elementor-widget-image\" data-id=\"ff6ad1b\" data-element_type=\"widget\" data-e-type=\"widget\" data-widget_type=\"image.default\">\n\t\t\t\t<div class=\"elementor-widget-container\">\n\t\t\t\t\t\t\t\t\t\t\t\t\t\t\t<img loading=\"lazy\" decoding=\"async\" width=\"693\" height=\"434\" src=\"https:\/\/meinstadtpunkt.de\/wp-content\/uploads\/2024\/11\/MStP_Karten_88x55_Muster-Aktionskarte-2.png\" class=\"attachment-large size-large wp-image-165\" alt=\"\" srcset=\"https:\/\/meinstadtpunkt.de\/wp-content\/uploads\/2024\/11\/MStP_Karten_88x55_Muster-Aktionskarte-2.png 693w, https:\/\/meinstadtpunkt.de\/wp-content\/uploads\/2024\/11\/MStP_Karten_88x55_Muster-Aktionskarte-2-300x188.png 300w\" sizes=\"(max-width: 693px) 100vw, 693px\" \/>\t\t\t\t\t\t\t\t\t\t\t\t\t\t\t<\/div>\n\t\t\t\t<\/div>\n\t\t\t\t<\/div>\n\t\t<div class=\"elementor-element elementor-element-a1c9fd1 e-con-full e-flex e-con e-child\" data-id=\"a1c9fd1\" data-element_type=\"container\" data-e-type=\"container\">\n\t\t\t\t<div class=\"elementor-element elementor-element-f26c760 elementor-widget elementor-widget-text-editor\" data-id=\"f26c760\" data-element_type=\"widget\" data-e-type=\"widget\" data-widget_type=\"text-editor.default\">\n\t\t\t\t<div class=\"elementor-widget-container\">\n\t\t\t\t\t\t\t\t\t<p>50 Mein StadtPunkt \u201eWusstest Du, dass&#8230;\u201c-Karten mit spannenden und \u00fcberraschenden Informationen \u00fcber die Stadt\/Region. Diese k\u00f6nnen die Spieler durch das Sammeln von Punkten und das Erreichen des StadtPunkts gewinnen.<\/p>\t\t\t\t\t\t\t\t<\/div>\n\t\t\t\t<\/div>\n\t\t\t\t<\/div>\n\t\t<div class=\"elementor-element elementor-element-9995afd e-grid e-con-full e-con e-child\" data-id=\"9995afd\" data-element_type=\"container\" data-e-type=\"container\">\n\t\t\t\t<div class=\"elementor-element elementor-element-355259a elementor-widget elementor-widget-image\" data-id=\"355259a\" data-element_type=\"widget\" data-e-type=\"widget\" data-widget_type=\"image.default\">\n\t\t\t\t<div class=\"elementor-widget-container\">\n\t\t\t\t\t\t\t\t\t\t\t\t\t\t\t<img loading=\"lazy\" decoding=\"async\" width=\"800\" height=\"502\" src=\"https:\/\/meinstadtpunkt.de\/wp-content\/uploads\/2024\/11\/MStP_Karten_88x55_Muster-Wusstest-Du-dass-1-1-1024x643.png\" class=\"attachment-large size-large wp-image-383\" alt=\"\" srcset=\"https:\/\/meinstadtpunkt.de\/wp-content\/uploads\/2024\/11\/MStP_Karten_88x55_Muster-Wusstest-Du-dass-1-1-1024x643.png 1024w, https:\/\/meinstadtpunkt.de\/wp-content\/uploads\/2024\/11\/MStP_Karten_88x55_Muster-Wusstest-Du-dass-1-1-300x188.png 300w, https:\/\/meinstadtpunkt.de\/wp-content\/uploads\/2024\/11\/MStP_Karten_88x55_Muster-Wusstest-Du-dass-1-1-768x482.png 768w, https:\/\/meinstadtpunkt.de\/wp-content\/uploads\/2024\/11\/MStP_Karten_88x55_Muster-Wusstest-Du-dass-1-1-1536x964.png 1536w, https:\/\/meinstadtpunkt.de\/wp-content\/uploads\/2024\/11\/MStP_Karten_88x55_Muster-Wusstest-Du-dass-1-1.png 1619w\" sizes=\"(max-width: 800px) 100vw, 800px\" \/>\t\t\t\t\t\t\t\t\t\t\t\t\t\t\t<\/div>\n\t\t\t\t<\/div>\n\t\t\t\t<div class=\"elementor-element elementor-element-ed4009d elementor-widget elementor-widget-image\" data-id=\"ed4009d\" data-element_type=\"widget\" data-e-type=\"widget\" data-widget_type=\"image.default\">\n\t\t\t\t<div class=\"elementor-widget-container\">\n\t\t\t\t\t\t\t\t\t\t\t\t\t\t\t<img loading=\"lazy\" decoding=\"async\" width=\"693\" height=\"434\" src=\"https:\/\/meinstadtpunkt.de\/wp-content\/uploads\/2024\/11\/MStP_Karten_88x55_Muster-Wusstest-Du-dass-2.png\" class=\"attachment-large size-large wp-image-175\" alt=\"\" srcset=\"https:\/\/meinstadtpunkt.de\/wp-content\/uploads\/2024\/11\/MStP_Karten_88x55_Muster-Wusstest-Du-dass-2.png 693w, https:\/\/meinstadtpunkt.de\/wp-content\/uploads\/2024\/11\/MStP_Karten_88x55_Muster-Wusstest-Du-dass-2-300x188.png 300w\" sizes=\"(max-width: 693px) 100vw, 693px\" \/>\t\t\t\t\t\t\t\t\t\t\t\t\t\t\t<\/div>\n\t\t\t\t<\/div>\n\t\t\t\t<\/div>\n\t\t<div class=\"elementor-element elementor-element-aa60c67 e-con-full e-flex e-con e-child\" data-id=\"aa60c67\" data-element_type=\"container\" data-e-type=\"container\">\n\t\t\t\t<div class=\"elementor-element elementor-element-54e1fe6 elementor-widget elementor-widget-text-editor\" data-id=\"54e1fe6\" data-element_type=\"widget\" data-e-type=\"widget\" data-widget_type=\"text-editor.default\">\n\t\t\t\t<div class=\"elementor-widget-container\">\n\t\t\t\t\t\t\t\t\t<p class=\"p1\">Mein StadtPunkt \u2013 viele unterhaltsame und spannende Stunden f\u00fcr die ganze Familie!<\/p>\t\t\t\t\t\t\t\t<\/div>\n\t\t\t\t<\/div>\n\t\t\t\t<\/div>\n\t\t<div class=\"elementor-element elementor-element-0ec2a67 e-con-full e-flex e-con e-child\" data-id=\"0ec2a67\" data-element_type=\"container\" data-e-type=\"container\">\n\t\t\t\t<div class=\"elementor-element elementor-element-f646842 elementor-widget elementor-widget-image\" data-id=\"f646842\" data-element_type=\"widget\" data-e-type=\"widget\" data-widget_type=\"image.default\">\n\t\t\t\t<div class=\"elementor-widget-container\">\n\t\t\t\t\t\t\t\t\t\t\t\t\t\t\t<img loading=\"lazy\" decoding=\"async\" width=\"738\" height=\"277\" src=\"https:\/\/meinstadtpunkt.de\/wp-content\/uploads\/2024\/11\/Karten.png\" class=\"attachment-large size-large wp-image-345\" alt=\"\" srcset=\"https:\/\/meinstadtpunkt.de\/wp-content\/uploads\/2024\/11\/Karten.png 738w, https:\/\/meinstadtpunkt.de\/wp-content\/uploads\/2024\/11\/Karten-300x113.png 300w\" sizes=\"(max-width: 738px) 100vw, 738px\" \/>\t\t\t\t\t\t\t\t\t\t\t\t\t\t\t<\/div>\n\t\t\t\t<\/div>\n\t\t\t\t<\/div>\n\t\t\t\t<\/div>\n\t\t\t\t\t<\/div>\n\t\t\t\t<\/div>\n\t\t\t\t<\/div>\n\t\t","protected":false},"excerpt":{"rendered":"<p>\u00dcber das Mein StadtPunkt-Spiel \u00dcber das Mein StadtPunkt-SpielDas Mein StadtPunkt-Spiel ist ein Quiz- und Wissensspiel f\u00fcr die ganze Familie, bei dem es darum geht, durch Wissen und Geschick so viele Punkte wie m\u00f6glich zu sammeln. Die Person, die am Ende die meisten Punkte gesammelt hat, gewinnt das Spiel. Das Spiel besteht aus ca. 1.000 spannenden, [&hellip;]<\/p>\n","protected":false},"author":1,"featured_media":0,"parent":0,"menu_order":0,"comment_status":"closed","ping_status":"closed","template":"elementor_header_footer","meta":{"footnotes":""},"class_list":["post-116","page","type-page","status-publish","hentry"],"_links":{"self":[{"href":"https:\/\/meinstadtpunkt.de\/index.php?rest_route=\/wp\/v2\/pages\/116","targetHints":{"allow":["GET"]}}],"collection":[{"href":"https:\/\/meinstadtpunkt.de\/index.php?rest_route=\/wp\/v2\/pages"}],"about":[{"href":"https:\/\/meinstadtpunkt.de\/index.php?rest_route=\/wp\/v2\/types\/page"}],"author":[{"embeddable":true,"href":"https:\/\/meinstadtpunkt.de\/index.php?rest_route=\/wp\/v2\/users\/1"}],"replies":[{"embeddable":true,"href":"https:\/\/meinstadtpunkt.de\/index.php?rest_route=%2Fwp%2Fv2%2Fcomments&post=116"}],"version-history":[{"count":26,"href":"https:\/\/meinstadtpunkt.de\/index.php?rest_route=\/wp\/v2\/pages\/116\/revisions"}],"predecessor-version":[{"id":402,"href":"https:\/\/meinstadtpunkt.de\/index.php?rest_route=\/wp\/v2\/pages\/116\/revisions\/402"}],"wp:attachment":[{"href":"https:\/\/meinstadtpunkt.de\/index.php?rest_route=%2Fwp%2Fv2%2Fmedia&parent=116"}],"curies":[{"name":"wp","href":"https:\/\/api.w.org\/{rel}","templated":true}]}}