{"id":118,"date":"2024-11-11T15:00:54","date_gmt":"2024-11-11T15:00:54","guid":{"rendered":"https:\/\/meinstadtpunkt.de\/?page_id=118"},"modified":"2024-11-20T17:13:59","modified_gmt":"2024-11-20T17:13:59","slug":"04-das-konzept","status":"publish","type":"page","link":"https:\/\/meinstadtpunkt.de\/?page_id=118","title":{"rendered":"Das Konzept"},"content":{"rendered":"\t\t<div data-elementor-type=\"wp-page\" data-elementor-id=\"118\" class=\"elementor elementor-118\" data-elementor-post-type=\"page\">\n\t\t\t\t<div class=\"elementor-element elementor-element-1d264c0 e-flex e-con-boxed e-con e-parent\" data-id=\"1d264c0\" data-element_type=\"container\" data-e-type=\"container\">\n\t\t\t\t\t<div class=\"e-con-inner\">\n\t\t\t\t<div class=\"elementor-element elementor-element-110a290 elementor-widget elementor-widget-heading\" data-id=\"110a290\" data-element_type=\"widget\" data-e-type=\"widget\" data-widget_type=\"heading.default\">\n\t\t\t\t<div class=\"elementor-widget-container\">\n\t\t\t\t\t<h2 class=\"elementor-heading-title elementor-size-default\">Das Konzept<\/h2>\t\t\t\t<\/div>\n\t\t\t\t<\/div>\n\t\t\t\t\t<\/div>\n\t\t\t\t<\/div>\n\t\t<div class=\"elementor-element elementor-element-ee910dc e-flex e-con-boxed e-con e-parent\" data-id=\"ee910dc\" data-element_type=\"container\" data-e-type=\"container\">\n\t\t\t\t\t<div class=\"e-con-inner\">\n\t\t\t\t<div class=\"elementor-element elementor-element-2fb43f4 elementor-widget elementor-widget-text-editor\" data-id=\"2fb43f4\" data-element_type=\"widget\" data-e-type=\"widget\" data-widget_type=\"text-editor.default\">\n\t\t\t\t<div class=\"elementor-widget-container\">\n\t\t\t\t\t\t\t\t\t<p class=\"p1\">So wird Ihr Unternehmen zu einem aktiven und interaktiven Bestandteil des Mein StadtPunkt-Spiels Ihrer Stadt:<\/p>\t\t\t\t\t\t\t\t<\/div>\n\t\t\t\t<\/div>\n\t\t\t\t\t<\/div>\n\t\t\t\t<\/div>\n\t\t<div class=\"elementor-element elementor-element-68c7995 e-flex e-con-boxed e-con e-parent\" data-id=\"68c7995\" data-element_type=\"container\" data-e-type=\"container\">\n\t\t\t\t\t<div class=\"e-con-inner\">\n\t\t<div class=\"elementor-element elementor-element-6452aa7 e-con-full e-flex e-con e-child\" data-id=\"6452aa7\" data-element_type=\"container\" data-e-type=\"container\">\n\t\t\t\t<div class=\"elementor-element elementor-element-bc4abb9 elementor-widget elementor-widget-text-editor\" data-id=\"bc4abb9\" data-element_type=\"widget\" data-e-type=\"widget\" data-widget_type=\"text-editor.default\">\n\t\t\t\t<div class=\"elementor-widget-container\">\n\t\t\t\t\t\t\t\t\t<p class=\"p1\">Das Spiel enth\u00e4lt 50 spannende \u201eWusstest du, dass&#8230;\u201c-Karten, die die wichtigsten Karten im Spiel darstellen. Diese m\u00fcssen von den Spielern gesammelt werden, um das Spiel zu gewinnen. Ihr Firmenlogo wird auf einer dieser Karten abgebildet.<br \/>Auf der anderen Seite der Karte finden Sie eine interessante Information \u00fcber Ihre Stadt\/Region.<\/p>\t\t\t\t\t\t\t\t<\/div>\n\t\t\t\t<\/div>\n\t\t<div class=\"elementor-element elementor-element-e948231 e-grid e-con-full e-con e-child\" data-id=\"e948231\" data-element_type=\"container\" data-e-type=\"container\">\n\t\t\t\t<div class=\"elementor-element elementor-element-0f1e6f6 elementor-widget elementor-widget-image\" data-id=\"0f1e6f6\" data-element_type=\"widget\" data-e-type=\"widget\" data-widget_type=\"image.default\">\n\t\t\t\t<div class=\"elementor-widget-container\">\n\t\t\t\t\t\t\t\t\t\t\t\t\t\t\t<img fetchpriority=\"high\" decoding=\"async\" width=\"800\" height=\"502\" src=\"https:\/\/meinstadtpunkt.de\/wp-content\/uploads\/2024\/11\/MStP_Karten_88x55_Muster-Wusstest-Du-dass-1-1-1024x643.png\" class=\"attachment-large size-large wp-image-383\" alt=\"\" srcset=\"https:\/\/meinstadtpunkt.de\/wp-content\/uploads\/2024\/11\/MStP_Karten_88x55_Muster-Wusstest-Du-dass-1-1-1024x643.png 1024w, https:\/\/meinstadtpunkt.de\/wp-content\/uploads\/2024\/11\/MStP_Karten_88x55_Muster-Wusstest-Du-dass-1-1-300x188.png 300w, https:\/\/meinstadtpunkt.de\/wp-content\/uploads\/2024\/11\/MStP_Karten_88x55_Muster-Wusstest-Du-dass-1-1-768x482.png 768w, https:\/\/meinstadtpunkt.de\/wp-content\/uploads\/2024\/11\/MStP_Karten_88x55_Muster-Wusstest-Du-dass-1-1-1536x964.png 1536w, https:\/\/meinstadtpunkt.de\/wp-content\/uploads\/2024\/11\/MStP_Karten_88x55_Muster-Wusstest-Du-dass-1-1.png 1619w\" sizes=\"(max-width: 800px) 100vw, 800px\" \/>\t\t\t\t\t\t\t\t\t\t\t\t\t\t\t<\/div>\n\t\t\t\t<\/div>\n\t\t\t\t<div class=\"elementor-element elementor-element-dac5341 elementor-widget elementor-widget-image\" data-id=\"dac5341\" data-element_type=\"widget\" data-e-type=\"widget\" data-widget_type=\"image.default\">\n\t\t\t\t<div class=\"elementor-widget-container\">\n\t\t\t\t\t\t\t\t\t\t\t\t\t\t\t<img decoding=\"async\" width=\"693\" height=\"434\" src=\"https:\/\/meinstadtpunkt.de\/wp-content\/uploads\/2024\/11\/MStP_Karten_88x55_Muster-Wusstest-Du-dass-2.png\" class=\"attachment-large size-large wp-image-175\" alt=\"\" srcset=\"https:\/\/meinstadtpunkt.de\/wp-content\/uploads\/2024\/11\/MStP_Karten_88x55_Muster-Wusstest-Du-dass-2.png 693w, https:\/\/meinstadtpunkt.de\/wp-content\/uploads\/2024\/11\/MStP_Karten_88x55_Muster-Wusstest-Du-dass-2-300x188.png 300w\" sizes=\"(max-width: 693px) 100vw, 693px\" \/>\t\t\t\t\t\t\t\t\t\t\t\t\t\t\t<\/div>\n\t\t\t\t<\/div>\n\t\t\t\t<\/div>\n\t\t\t\t<div class=\"elementor-element elementor-element-7c53f2d elementor-widget elementor-widget-text-editor\" data-id=\"7c53f2d\" data-element_type=\"widget\" data-e-type=\"widget\" data-widget_type=\"text-editor.default\">\n\t\t\t\t<div class=\"elementor-widget-container\">\n\t\t\t\t\t\t\t\t\t<p class=\"p1\">Ihr Firmenname wird auf einem der Spielfelder platziert, sodass Ihr Unternehmen w\u00e4hrend des gesamten Spielverlaufs f\u00fcr die Spieler sichtbar ist.<\/p>\t\t\t\t\t\t\t\t<\/div>\n\t\t\t\t<\/div>\n\t\t<div class=\"elementor-element elementor-element-f995c69 e-con-full e-flex e-con e-child\" data-id=\"f995c69\" data-element_type=\"container\" data-e-type=\"container\">\n\t\t\t\t<div class=\"elementor-element elementor-element-0db2146 elementor-widget elementor-widget-image\" data-id=\"0db2146\" data-element_type=\"widget\" data-e-type=\"widget\" data-widget_type=\"image.default\">\n\t\t\t\t<div class=\"elementor-widget-container\">\n\t\t\t\t\t\t\t\t\t\t\t\t\t\t\t<img decoding=\"async\" width=\"768\" height=\"517\" src=\"https:\/\/meinstadtpunkt.de\/wp-content\/uploads\/2024\/11\/MStP_Spielplatte_710x478_Muster-Elmshorn-1-768x517.png\" class=\"attachment-medium_large size-medium_large wp-image-179\" alt=\"\" srcset=\"https:\/\/meinstadtpunkt.de\/wp-content\/uploads\/2024\/11\/MStP_Spielplatte_710x478_Muster-Elmshorn-1-768x517.png 768w, https:\/\/meinstadtpunkt.de\/wp-content\/uploads\/2024\/11\/MStP_Spielplatte_710x478_Muster-Elmshorn-1-300x202.png 300w, https:\/\/meinstadtpunkt.de\/wp-content\/uploads\/2024\/11\/MStP_Spielplatte_710x478_Muster-Elmshorn-1-1024x689.png 1024w, https:\/\/meinstadtpunkt.de\/wp-content\/uploads\/2024\/11\/MStP_Spielplatte_710x478_Muster-Elmshorn-1-1536x1034.png 1536w, https:\/\/meinstadtpunkt.de\/wp-content\/uploads\/2024\/11\/MStP_Spielplatte_710x478_Muster-Elmshorn-1-2048x1379.png 2048w\" sizes=\"(max-width: 768px) 100vw, 768px\" \/>\t\t\t\t\t\t\t\t\t\t\t\t\t\t\t<\/div>\n\t\t\t\t<\/div>\n\t\t\t\t<\/div>\n\t\t\t\t<div class=\"elementor-element elementor-element-e948183 elementor-widget elementor-widget-text-editor\" data-id=\"e948183\" data-element_type=\"widget\" data-e-type=\"widget\" data-widget_type=\"text-editor.default\">\n\t\t\t\t<div class=\"elementor-widget-container\">\n\t\t\t\t\t\t\t\t\t<p class=\"p1\">Es werden eine, drei oder f\u00fcnf Fragen zu Ihrem Unternehmen in die Karten aufgenommen. Ihr Unternehmen wird dadurch nicht nur zu einem visuellen, sondern auch zu einem aktiven Bestandteil des Spiels.<\/p>\t\t\t\t\t\t\t\t<\/div>\n\t\t\t\t<\/div>\n\t\t<div class=\"elementor-element elementor-element-e4543b3 e-grid e-con-full e-con e-child\" data-id=\"e4543b3\" data-element_type=\"container\" data-e-type=\"container\">\n\t\t\t\t<div class=\"elementor-element elementor-element-2b76aa7 elementor-widget elementor-widget-image\" data-id=\"2b76aa7\" data-element_type=\"widget\" data-e-type=\"widget\" data-widget_type=\"image.default\">\n\t\t\t\t<div class=\"elementor-widget-container\">\n\t\t\t\t\t\t\t\t\t\t\t\t\t\t\t<img loading=\"lazy\" decoding=\"async\" width=\"693\" height=\"434\" src=\"https:\/\/meinstadtpunkt.de\/wp-content\/uploads\/2024\/11\/MStP_Karten_88x55_Muster-Spezial-Quizfragen-1.png\" class=\"attachment-large size-large wp-image-170\" alt=\"\" srcset=\"https:\/\/meinstadtpunkt.de\/wp-content\/uploads\/2024\/11\/MStP_Karten_88x55_Muster-Spezial-Quizfragen-1.png 693w, https:\/\/meinstadtpunkt.de\/wp-content\/uploads\/2024\/11\/MStP_Karten_88x55_Muster-Spezial-Quizfragen-1-300x188.png 300w\" sizes=\"(max-width: 693px) 100vw, 693px\" \/>\t\t\t\t\t\t\t\t\t\t\t\t\t\t\t<\/div>\n\t\t\t\t<\/div>\n\t\t\t\t<div class=\"elementor-element elementor-element-3251b24 elementor-widget elementor-widget-image\" data-id=\"3251b24\" data-element_type=\"widget\" data-e-type=\"widget\" data-widget_type=\"image.default\">\n\t\t\t\t<div class=\"elementor-widget-container\">\n\t\t\t\t\t\t\t\t\t\t\t\t\t\t\t<img loading=\"lazy\" decoding=\"async\" width=\"693\" height=\"434\" src=\"https:\/\/meinstadtpunkt.de\/wp-content\/uploads\/2024\/11\/MStP_Karten_88x55_Muster-Spezial-Quizfragen-3.png\" class=\"attachment-large size-large wp-image-172\" alt=\"\" srcset=\"https:\/\/meinstadtpunkt.de\/wp-content\/uploads\/2024\/11\/MStP_Karten_88x55_Muster-Spezial-Quizfragen-3.png 693w, https:\/\/meinstadtpunkt.de\/wp-content\/uploads\/2024\/11\/MStP_Karten_88x55_Muster-Spezial-Quizfragen-3-300x188.png 300w\" sizes=\"(max-width: 693px) 100vw, 693px\" \/>\t\t\t\t\t\t\t\t\t\t\t\t\t\t\t<\/div>\n\t\t\t\t<\/div>\n\t\t\t\t<div class=\"elementor-element elementor-element-64ee2e3 elementor-widget elementor-widget-image\" data-id=\"64ee2e3\" data-element_type=\"widget\" data-e-type=\"widget\" data-widget_type=\"image.default\">\n\t\t\t\t<div class=\"elementor-widget-container\">\n\t\t\t\t\t\t\t\t\t\t\t\t\t\t\t<img loading=\"lazy\" decoding=\"async\" width=\"693\" height=\"434\" src=\"https:\/\/meinstadtpunkt.de\/wp-content\/uploads\/2024\/11\/MStP_Karten_88x55_Muster-Spezial-Quizfragen-4.png\" class=\"attachment-large size-large wp-image-173\" alt=\"\" srcset=\"https:\/\/meinstadtpunkt.de\/wp-content\/uploads\/2024\/11\/MStP_Karten_88x55_Muster-Spezial-Quizfragen-4.png 693w, https:\/\/meinstadtpunkt.de\/wp-content\/uploads\/2024\/11\/MStP_Karten_88x55_Muster-Spezial-Quizfragen-4-300x188.png 300w\" sizes=\"(max-width: 693px) 100vw, 693px\" \/>\t\t\t\t\t\t\t\t\t\t\t\t\t\t\t<\/div>\n\t\t\t\t<\/div>\n\t\t\t\t<div class=\"elementor-element elementor-element-0138cf2 elementor-widget elementor-widget-image\" data-id=\"0138cf2\" data-element_type=\"widget\" data-e-type=\"widget\" data-widget_type=\"image.default\">\n\t\t\t\t<div class=\"elementor-widget-container\">\n\t\t\t\t\t\t\t\t\t\t\t\t\t\t\t<img loading=\"lazy\" decoding=\"async\" width=\"693\" height=\"434\" src=\"https:\/\/meinstadtpunkt.de\/wp-content\/uploads\/2024\/11\/MStP_Karten_88x55_Muster-Spezial-Quizfragen-2.png\" class=\"attachment-large size-large wp-image-171\" alt=\"\" srcset=\"https:\/\/meinstadtpunkt.de\/wp-content\/uploads\/2024\/11\/MStP_Karten_88x55_Muster-Spezial-Quizfragen-2.png 693w, https:\/\/meinstadtpunkt.de\/wp-content\/uploads\/2024\/11\/MStP_Karten_88x55_Muster-Spezial-Quizfragen-2-300x188.png 300w\" sizes=\"(max-width: 693px) 100vw, 693px\" \/>\t\t\t\t\t\t\t\t\t\t\t\t\t\t\t<\/div>\n\t\t\t\t<\/div>\n\t\t\t\t<\/div>\n\t\t\t\t<\/div>\n\t\t<div class=\"elementor-element elementor-element-7cee66e e-con-full e-flex e-con e-child\" data-id=\"7cee66e\" data-element_type=\"container\" data-e-type=\"container\">\n\t\t\t\t<div class=\"elementor-element elementor-element-8704888 elementor-widget elementor-widget-text-editor\" data-id=\"8704888\" data-element_type=\"widget\" data-e-type=\"widget\" data-widget_type=\"text-editor.default\">\n\t\t\t\t<div class=\"elementor-widget-container\">\n\t\t\t\t\t\t\t\t\t<p class=\"p1\">Sie erhalten entweder 1\/3, 2\/3 oder eine ganze Seite im beigef\u00fcgten A4-Heft. Die Gr\u00f6\u00dfe der Darstellung h\u00e4ngt vom gew\u00e4hlten Teilnahmepaket ab. Hier steht Ihnen viel Platz f\u00fcr Text und Bilder zu Ihrem Unternehmen zur Verf\u00fcgung. Au\u00dferdem k\u00f6nnen Sie die Antworten auf Ihre Fragen in Ihrem Text oder auf Ihrer Webseite hinterlegen, auf die per QR-Code verwiesen werden kann. Die Spieler sind dadurch hochmotiviert, Ihren Auftritt zu lesen, da die Antworten auf Ihre Fragen im Spiel die meisten Punkte bringen.<\/p>\t\t\t\t\t\t\t\t<\/div>\n\t\t\t\t<\/div>\n\t\t<div class=\"elementor-element elementor-element-7cd248a e-con-full e-flex e-con e-child\" data-id=\"7cd248a\" data-element_type=\"container\" data-e-type=\"container\">\n\t\t\t\t<div class=\"elementor-element elementor-element-ed5c04e elementor-widget elementor-widget-image\" data-id=\"ed5c04e\" data-element_type=\"widget\" data-e-type=\"widget\" data-widget_type=\"image.default\">\n\t\t\t\t<div class=\"elementor-widget-container\">\n\t\t\t\t\t\t\t\t\t\t\t\t\t\t\t<img loading=\"lazy\" decoding=\"async\" width=\"212\" height=\"300\" src=\"https:\/\/meinstadtpunkt.de\/wp-content\/uploads\/2024\/11\/MStP_Begleitheft_Muster_Elmshorn-1-212x300.png\" class=\"attachment-medium size-medium wp-image-161\" alt=\"\" srcset=\"https:\/\/meinstadtpunkt.de\/wp-content\/uploads\/2024\/11\/MStP_Begleitheft_Muster_Elmshorn-1-212x300.png 212w, https:\/\/meinstadtpunkt.de\/wp-content\/uploads\/2024\/11\/MStP_Begleitheft_Muster_Elmshorn-1-724x1024.png 724w, https:\/\/meinstadtpunkt.de\/wp-content\/uploads\/2024\/11\/MStP_Begleitheft_Muster_Elmshorn-1-768x1086.png 768w, https:\/\/meinstadtpunkt.de\/wp-content\/uploads\/2024\/11\/MStP_Begleitheft_Muster_Elmshorn-1-1086x1536.png 1086w, https:\/\/meinstadtpunkt.de\/wp-content\/uploads\/2024\/11\/MStP_Begleitheft_Muster_Elmshorn-1-1448x2048.png 1448w, https:\/\/meinstadtpunkt.de\/wp-content\/uploads\/2024\/11\/MStP_Begleitheft_Muster_Elmshorn-1.png 1654w\" sizes=\"(max-width: 212px) 100vw, 212px\" \/>\t\t\t\t\t\t\t\t\t\t\t\t\t\t\t<\/div>\n\t\t\t\t<\/div>\n\t\t\t\t<\/div>\n\t\t\t\t<div class=\"elementor-element elementor-element-7b6bdf8 elementor-widget elementor-widget-text-editor\" data-id=\"7b6bdf8\" data-element_type=\"widget\" data-e-type=\"widget\" data-widget_type=\"text-editor.default\">\n\t\t\t\t<div class=\"elementor-widget-container\">\n\t\t\t\t\t\t\t\t\t<p>Beispiel 1\/3 und 2\/3 einer A4 Seite<\/p>\t\t\t\t\t\t\t\t<\/div>\n\t\t\t\t<\/div>\n\t\t<div class=\"elementor-element elementor-element-836a270 e-con-full e-flex e-con e-child\" data-id=\"836a270\" data-element_type=\"container\" data-e-type=\"container\">\n\t\t\t\t<div class=\"elementor-element elementor-element-3d7b3c8 elementor-widget elementor-widget-image\" data-id=\"3d7b3c8\" data-element_type=\"widget\" data-e-type=\"widget\" data-widget_type=\"image.default\">\n\t\t\t\t<div class=\"elementor-widget-container\">\n\t\t\t\t\t\t\t\t\t\t\t\t\t\t\t<img loading=\"lazy\" decoding=\"async\" width=\"212\" height=\"300\" src=\"https:\/\/meinstadtpunkt.de\/wp-content\/uploads\/2024\/11\/MStP_Begleitheft_Muster_Elmshorn-2-212x300.png\" class=\"attachment-medium size-medium wp-image-162\" alt=\"\" srcset=\"https:\/\/meinstadtpunkt.de\/wp-content\/uploads\/2024\/11\/MStP_Begleitheft_Muster_Elmshorn-2-212x300.png 212w, https:\/\/meinstadtpunkt.de\/wp-content\/uploads\/2024\/11\/MStP_Begleitheft_Muster_Elmshorn-2-724x1024.png 724w, https:\/\/meinstadtpunkt.de\/wp-content\/uploads\/2024\/11\/MStP_Begleitheft_Muster_Elmshorn-2-768x1086.png 768w, https:\/\/meinstadtpunkt.de\/wp-content\/uploads\/2024\/11\/MStP_Begleitheft_Muster_Elmshorn-2-1086x1536.png 1086w, https:\/\/meinstadtpunkt.de\/wp-content\/uploads\/2024\/11\/MStP_Begleitheft_Muster_Elmshorn-2-1448x2048.png 1448w, https:\/\/meinstadtpunkt.de\/wp-content\/uploads\/2024\/11\/MStP_Begleitheft_Muster_Elmshorn-2.png 1654w\" sizes=\"(max-width: 212px) 100vw, 212px\" \/>\t\t\t\t\t\t\t\t\t\t\t\t\t\t\t<\/div>\n\t\t\t\t<\/div>\n\t\t\t\t<\/div>\n\t\t\t\t<div class=\"elementor-element elementor-element-aa51857 elementor-widget elementor-widget-text-editor\" data-id=\"aa51857\" data-element_type=\"widget\" data-e-type=\"widget\" data-widget_type=\"text-editor.default\">\n\t\t\t\t<div class=\"elementor-widget-container\">\n\t\t\t\t\t\t\t\t\t<p>Beispiel einer ganzen A4 Seite<\/p>\t\t\t\t\t\t\t\t<\/div>\n\t\t\t\t<\/div>\n\t\t<div class=\"elementor-element elementor-element-740d825 e-con-full e-flex e-con e-child\" data-id=\"740d825\" data-element_type=\"container\" data-e-type=\"container\">\n\t\t\t\t<div class=\"elementor-element elementor-element-c7483d4 elementor-widget elementor-widget-image\" data-id=\"c7483d4\" data-element_type=\"widget\" data-e-type=\"widget\" data-widget_type=\"image.default\">\n\t\t\t\t<div class=\"elementor-widget-container\">\n\t\t\t\t\t\t\t\t\t\t\t\t\t\t\t<img loading=\"lazy\" decoding=\"async\" width=\"212\" height=\"300\" src=\"https:\/\/meinstadtpunkt.de\/wp-content\/uploads\/2024\/11\/MStP_Begleitheft_Muster_Elmshorn-3-212x300.png\" class=\"attachment-medium size-medium wp-image-163\" alt=\"\" srcset=\"https:\/\/meinstadtpunkt.de\/wp-content\/uploads\/2024\/11\/MStP_Begleitheft_Muster_Elmshorn-3-212x300.png 212w, https:\/\/meinstadtpunkt.de\/wp-content\/uploads\/2024\/11\/MStP_Begleitheft_Muster_Elmshorn-3-724x1024.png 724w, https:\/\/meinstadtpunkt.de\/wp-content\/uploads\/2024\/11\/MStP_Begleitheft_Muster_Elmshorn-3-768x1086.png 768w, https:\/\/meinstadtpunkt.de\/wp-content\/uploads\/2024\/11\/MStP_Begleitheft_Muster_Elmshorn-3-1086x1536.png 1086w, https:\/\/meinstadtpunkt.de\/wp-content\/uploads\/2024\/11\/MStP_Begleitheft_Muster_Elmshorn-3-1448x2048.png 1448w, https:\/\/meinstadtpunkt.de\/wp-content\/uploads\/2024\/11\/MStP_Begleitheft_Muster_Elmshorn-3.png 1654w\" sizes=\"(max-width: 212px) 100vw, 212px\" \/>\t\t\t\t\t\t\t\t\t\t\t\t\t\t\t<\/div>\n\t\t\t\t<\/div>\n\t\t\t\t<\/div>\n\t\t\t\t<\/div>\n\t\t\t\t\t<\/div>\n\t\t\t\t<\/div>\n\t\t\t\t<\/div>\n\t\t","protected":false},"excerpt":{"rendered":"<p>Das Konzept So wird Ihr Unternehmen zu einem aktiven und interaktiven Bestandteil des Mein StadtPunkt-Spiels Ihrer Stadt: Das Spiel enth\u00e4lt 50 spannende \u201eWusstest du, dass&#8230;\u201c-Karten, die die wichtigsten Karten im Spiel darstellen. Diese m\u00fcssen von den Spielern gesammelt werden, um das Spiel zu gewinnen. Ihr Firmenlogo wird auf einer dieser Karten abgebildet.Auf der anderen Seite [&hellip;]<\/p>\n","protected":false},"author":1,"featured_media":0,"parent":0,"menu_order":0,"comment_status":"closed","ping_status":"closed","template":"","meta":{"footnotes":""},"class_list":["post-118","page","type-page","status-publish","hentry"],"_links":{"self":[{"href":"https:\/\/meinstadtpunkt.de\/index.php?rest_route=\/wp\/v2\/pages\/118","targetHints":{"allow":["GET"]}}],"collection":[{"href":"https:\/\/meinstadtpunkt.de\/index.php?rest_route=\/wp\/v2\/pages"}],"about":[{"href":"https:\/\/meinstadtpunkt.de\/index.php?rest_route=\/wp\/v2\/types\/page"}],"author":[{"embeddable":true,"href":"https:\/\/meinstadtpunkt.de\/index.php?rest_route=\/wp\/v2\/users\/1"}],"replies":[{"embeddable":true,"href":"https:\/\/meinstadtpunkt.de\/index.php?rest_route=%2Fwp%2Fv2%2Fcomments&post=118"}],"version-history":[{"count":20,"href":"https:\/\/meinstadtpunkt.de\/index.php?rest_route=\/wp\/v2\/pages\/118\/revisions"}],"predecessor-version":[{"id":393,"href":"https:\/\/meinstadtpunkt.de\/index.php?rest_route=\/wp\/v2\/pages\/118\/revisions\/393"}],"wp:attachment":[{"href":"https:\/\/meinstadtpunkt.de\/index.php?rest_route=%2Fwp%2Fv2%2Fmedia&parent=118"}],"curies":[{"name":"wp","href":"https:\/\/api.w.org\/{rel}","templated":true}]}}